2
Let s(h) = h**2 + h + 1. Let c(o) = 5*o**2 - 4*o. Let d(j) = -c(j) + 6*s(j). What is the units digit of d(-14)?
2
Suppose 2*q = -2, -3*q = 4*x - 3*x - 167. What is the tens digit of x?
7
Let o = -72 + 71. Let x(u) = -40*u + 1. What is the tens digit of x(o)?
4
Let l(i) = -5*i - 15. Let j(p) = -4*p - 14. Let u(v) = -2*j(v) + 3*l(v). Let x be u(5). Let b = x + 104. What is the units digit of b?
2
Suppose r = 2*g - 32, -g + 16 = -0*r - 2*r. Let t be (-3 - g/(-4))*17. Let q = 5 + t. What is the tens digit of q?
2
Suppose -2*z + 2868 = 8*l - 356, 3*z - 4828 = -4*l. What is the tens digit of z?
0
Let k(o) = 24*o - 14*o + 14 + 28*o + 6. What is the hundreds digit of k(7)?
2
Let r(s) = -s**2 + 32*s + 103. What is the units digit of r(26)?
9
Let m = -1231 - -3360. What is the tens digit of m?
2
Suppose 79*w - 82*w + 1827 = 0. What is the hundreds digit of w?
6
Let r(y) = 38*y**3 + 3*y**2 - 2*y. Let h be 1/(-1) + 1 + 1. What is the tens digit of r(h)?
3
Suppose -4*d - b = -5, -d + 3*b + b + 14 = 0. Suppose 3*c - 647 = -2*o - 211, 586 = 4*c - d*o. What is the tens digit of c?
4
Let s be 20*(-5)/((-100)/344). Suppose 3*p - s = -p. Suppose 4*h = 6*h - p. What is the tens digit of h?
4
Suppose -3*v - 5*p = -728, -3*v - 2*v + p + 1176 = 0. What is the tens digit of v?
3
Suppose 6 = 5*q - 19. Suppose -o + 1 = h - 1, q*h = 4*o - 8. Suppose h*n = 4*n + 3*x - 63, -n + 2*x = -13. What is the units digit of n?
5
Suppose -115*c + 122493 + 185822 = 0. What is the tens digit of c?
8
Suppose -2*f - 5*o + 126 = -2*o, -2*o = 3*f - 179. Let x = f + -29. What is the units digit of x?
8
What is the units digit of ((-6)/(-2))/((-3)/(-1))*720?
0
Suppose 9*r - 3*f - 2100 = 4*r, 0 = -4*f - 20. What is the hundreds digit of r?
4
Let x(o) be the third derivative of o**5/60 - 5*o**4/24 - o**3/2 + 2*o**2. Suppose 7*t - 9 - 33 = 0. What is the units digit of x(t)?
3
Let h = -3 + 0. Let z(b) = -2*b**2 - 1485*b + 3*b**2 - 2 + 1483*b. What is the tens digit of z(h)?
1
What is the units digit of (-5062)/(-14) + -1 - (-30)/70?
1
Let i(l) = -l**3 - 7*l**2 - 3*l + 4. Let u = -26 - -18. What is the units digit of i(u)?
2
Let o(g) = -g**3 - 5*g**2 + 3*g + 6. Let c be o(-6). Suppose -27*l + c*l + 81 = 0. What is the units digit of l?
7
Let o(p) = 13*p + 44. Let z be o(19). Suppose -z = -4*v + 65. What is the tens digit of v?
8
Let a be ((-5 - -4) + 3)/1. Let y(i) be the third derivative of i**5/15 - i**4/6 + i**3/3 + i**2. What is the units digit of y(a)?
0
What is the units digit of 740*(-6 - 119/(-14))?
0
Suppose -4*w + 1458 = -410. What is the tens digit of w?
6
Suppose -5*a + 121 = -2*f - 169, -4*a + 214 = 2*f. Suppose 0 = -4*h - 0*i + 5*i + 173, -a = -h - 3*i. Let x = -9 + h. What is the units digit of x?
8
Let n(y) = 614*y + y**2 + 16 - 621*y + 0*y**2. What is the tens digit of n(11)?
6
Let l(f) = -f**3 + 8*f**2 - 9*f + 2. Let c be l(10). Let b be (c/(-30))/(9/300). Suppose -228 = -3*m + i, -2*m - 2*m - 4*i + b = 0. What is the tens digit of m?
7
Suppose 0 = -5*u + 2*a + 77, -3*u + 89 = 2*u + a. Let q = u + 102. What is the hundreds digit of q?
1
Let w(s) = 2*s - 5. Let g be w(4). Let k be 3/6 - g/2. What is the units digit of k/(-3)*7*3?
7
What is the thousands digit of (-11805)/(-9 + -7 - -13)?
3
Suppose -i - 4*o = -256, -i + 3*i + 5*o = 500. Suppose -25*a = -20*a - i. What is the units digit of a?
8
Let t(g) = g**3 - 12*g**2 - 13*g + 2. Let u be t(13). Let d = 33 - u. Suppose 2*w = 5*j - 85, -5*j + 59 + d = -w. What is the units digit of j?
9
Let q(g) = 33*g - 1. Let h = -6 - -7. Let p be q(h). Suppose 0 = 3*y + 2*n - 35, 2*y - 2*n - n = p. What is the tens digit of y?
1
Let v = 1704 + -1542. What is the hundreds digit of v?
1
Let o = 2175 + 1455. What is the hundreds digit of o?
6
Suppose 3*y = -z + 5*y + 25, 0 = 2*z + 2*y - 80. Let a = 17 + z. What is the units digit of a?
2
Let r be 2/((-11)/((-165)/6)). Suppose -4*y = -12, -3*g - r*y = -5*g + 285. What is the units digit of g?
0
Suppose -2*s = 4*f + 88, 5*f + 113 = 4*s + 29. Let b be ((-88)/12)/((-2)/6). Let r = b + f. What is the units digit of r?
2
What is the units digit of (-6)/((-1)/61*1)?
6
Let m = -141 - -274. What is the hundreds digit of m?
1
Let s(i) = 2*i**2 + 2*i - 10. Let b be s(7). Suppose 0 = 5*t - 33 - b. What is the units digit of t?
7
Let j(k) = k - 12. Let v be j(10). What is the tens digit of v + 0 - (-14 - 34)?
4
Let h = 40 - 40. Suppose 8*p - 16 = -h*p. What is the units digit of p?
2
Let a(v) = v. Let j be a(6). Let z(y) = -100*y + 55. Let m(w) = 11*w - 6. Let o(r) = j*z(r) + 55*m(r). What is the units digit of o(6)?
0
Let k(a) = -a**3 - 12*a**2 - 13*a - 9. Let s be k(-11). Suppose 4*n + 4*r = 4, s = -3*n + n + 3*r. Let o = n - -27. What is the units digit of o?
5
Let a = 54 + -84. Let n = a + 69. What is the tens digit of n?
3
Suppose -8*u - 2750 = -10*u. What is the hundreds digit of u?
3
Suppose 25 = 5*q - 0*q, 5*q + 15 = -2*f. Let s = -17 - f. Suppose 18 = -s*d + 111. What is the units digit of d?
1
Let k = -101 + 492. What is the units digit of k?
1
Suppose 19*s = 24*s - 10. Suppose s*v + 0*v - 16 = 0. What is the units digit of v?
8
Let y(f) be the third derivative of -f**4/12 + 7*f**3/2 + 3*f**2. What is the units digit of y(-13)?
7
Let k(q) = 2*q**2 + 71*q + 36. What is the tens digit of k(-40)?
9
Suppose -2*d + 3*d - 100 = 0. Let g(x) = -98*x**3 + 2 + 2*x + d*x**3 - 2*x**2 + 1. What is the units digit of g(3)?
5
Suppose 3*j = j + 8, 4*n - 3*j = -104. Let f = 96 + n. What is the units digit of f?
3
Suppose 2*u - 240 = -2*m, -3*u + 360 + 0 = -4*m. Suppose -5*j + 4*a = 12, 4*j = 3*a - 3 - 6. Suppose j = 4*q + q - u. What is the tens digit of q?
2
What is the units digit of (-2220)/(4 + -9) - 3?
1
Suppose -125 = 5*p - 500. Let q = p - 43. What is the units digit of q?
2
Suppose 9*z = 6*z - 2*o + 2340, 4*z - 3097 = 5*o. What is the units digit of z?
8
Suppose 0 = -2*s - 0*s. Suppose 5*z - 20 = -s*z. Let r = 9 - z. What is the units digit of r?
5
Suppose 0 = t - 4 - 0. Suppose -3*w + t*w + 21 = -2*n, 4*n - 3 = w. Let a = 11 - w. What is the tens digit of a?
2
Suppose f + 4*d = -0*d - 2, f = 4*d + 6. Suppose f*m - 84 = -m. What is the tens digit of m?
2
Let w(h) = 62*h**2 - h - 1. Let j(y) = -2*y**3 + y**2 - y + 1. Let c be j(1). What is the units digit of w(c)?
2
Let j = 1541 + -1042. What is the tens digit of j?
9
Let x(n) = n**3 + 10*n**2 + 9*n - 6. Let f be x(-10). Let j = 157 + f. Let v = j + -25. What is the units digit of v?
6
Let i(o) be the second derivative of o**5/20 - o**4/12 - o**3/3 + 57*o**2/2 + 11*o. What is the units digit of i(0)?
7
Let r(f) = -2*f + 69. What is the units digit of r(-11)?
1
Suppose -k = 2*j - 6, 6*j = 4*j + 3*k + 6. What is the tens digit of ((-3198)/(-4))/j + 10/20?
6
Suppose 2*y - 31812 = -31*y. What is the units digit of y?
4
Let h(p) = -791*p - 68. What is the units digit of h(-1)?
3
Let n(w) = 12*w**3 - 2*w**2 + w. Let k be n(1). Let s(r) = -r**3 + 11*r**2 - 9. Let p be s(k). What is the units digit of 3 - (2 - 1) - p?
1
Let q be 2 - 12/4 - -13. Suppose -2*z = -4*h + q, 0 = -2*z - 0*z - 5*h + 33. Let l = 1 + z. What is the units digit of l?
5
Let v(y) = -4*y - 3. Suppose 71 = 3*b + 3*z - 4*z, z + 27 = b. Suppose 4*t = -2*w - b, 0*t = -t + 2*w - 8. What is the units digit of v(t)?
1
Let z be 6*(4/(5 + -1) - -1). Suppose 0 = -2*t - 6 + z. What is the units digit of t?
3
Suppose -9 = m + 4*t + 5, -m + 5*t + 31 = 0. Suppose 0 = m*o + 5 - 41. What is the units digit of (-1)/(-2)*(o - -28)?
7
Let h(i) = 265*i - 1. Let q be h(3). Let s be (-10)/(-20) - q/(-4). Suppose -3*l - l - 45 = -t, 0 = 4*t + 3*l - s. What is the units digit of t?
9
Let a be 959*(-1)/(-11) + (-2)/11. Let h = a + -31. What is the tens digit of h?
5
Let i(f) = 6 - 2 - 5 + f**3 + 3*f - 3*f**2. Let n be i(3). What is the units digit of ((-43)/(-2))/(4/n)?
3
Let p(f) = -f**2 - 13*f - 25. Let n be p(-10). Suppose 0 = 4*r - 5*z - 32, -3*r - n*z = 4 + 7. Suppose -r*k = -51 - 60. What is the tens digit of k?
3
Suppose 5*s - 3*s = v - 430, -876 = -2*v - 4*s. What is the hundreds digit of v?
4
Suppose 0 = 3*t + 4 + 8. Let l = -2 - t. Suppose -l*v - 155 = -5*p - 7*v, 3*p + 4*v = 95. What is the units digit of p?
9
What is the hundreds digit of (24/30)/(-5*(-8)/62900)?
2
Let l = -1 - 7. Let r = l - -50. Su